(-6). Suppose 0 = -2*f + 6*f - y. What is the tens digit of f?
1
Let r = -3 - -6. Let l(u) = u. Let s be l(3). Suppose 6 = s*b - r. What is the units digit of b?
3
Suppose 5*v = -5*j + 25, -3*v = j - 3*j - 5. Let x be (4/6)/((-3)/(-36)). Suppose 2*a + x = 3*p, 0*p + a = v*p - 7. What is the units digit of p?
2
Let u(y) be the third derivative of y**4/12 - y**3/3 + 3*y**2. What is the units digit of u(4)?
6
Let s = -1 + -4. Let z = 8 + s. Suppose -z - 7 = -2*t. What is the units digit of t?
5
What is the units digit of -1 - 8/(-5 + 1)?
1
Let n = 7 + -11. What is the units digit of (-24)/14*14/n?
6
Suppose -2*v + 33 = 2*g - g, -3*g - 3*v = -102. What is the tens digit of g?
3
Let a be (24/10)/((-18)/(-120)). Let j = a + -8. What is the units digit of j?
8
Suppose -4*r + 9*r = -30. Let a = r + 10. Suppose a*v - 53 - 16 = -f, -4*f = 3*v - 55. What is the tens digit of v?
1
Let r = 1 - 1. What is the units digit of (-39)/(-3) - r - 1?
2
Suppose 0*y - 6 = -3*y. What is the units digit of 4/6*15/y?
5
Let a(k) be the second derivative of -1/6*k**4 - 2/3*k**3 - k**2 - k - 1/20*k**5 + 0. What is the units digit of a(-2)?
6
Let h be (-1 - (-1 - 1)) + 4. Suppose -2*q + h*q - 33 = 0. What is the units digit of q?
1
Suppose -3*d - 2*w + 280 = 0, -5*d - 2*w = -3*w - 484. What is the tens digit of d?
9
Suppose 0 = n - 5*u - 28, 40 = 5*n - 0*n - 5*u. Suppose 44 = -n*t + 140. What is the tens digit of t?
3
What is the units digit of 3/2*2960/60?
4
Let b(j) = j**2 - 8*j - 8. Let r be b(9). Let w be -1*r - (5 + -9). Suppose 0*v + 12 = w*v. What is the units digit of v?
4
Let i(n) = -3*n - 4. Let v be i(-3). Suppose 2*a = -0*a - 6, 0 = v*l - 2*a + 14. Let u = 13 + l. What is the units digit of u?
9
Suppose -30 = -9*f + 4*f. Let n = -3 + f. What is the units digit of n?
3
Suppose 0 = -3*u - u + 96. Suppose -l + 3*l - u = 0. What is the units digit of l?
2
Suppose 0 = -3*a - 4*n + 424, -4*a + 657 - 133 = -5*n. What is the units digit of a?
6
Suppose -6*y = -y - 20, -2*n - 2*y + 4 = 0. Let h(g) = 0 + g**2 - 4 + 3 + g + g**2. What is the units digit of h(n)?
5
Suppose 0*h = 3*v - h + 6, -2*v - 17 = -5*h. Let j = 3 - 0. Let t = v + j. What is the units digit of t?
2
What is the tens digit of (-3)/(2 - 460/224)?
5
Let x = -30 + 66. What is the units digit of x?
6
Let b be -33*(-2)/6*-1. Let m = 35 + b. What is the tens digit of m?
2
Let q be (2/(-6))/((-12)/432). Suppose -2 = 5*u - q. What is the units digit of u?
2
What is the tens digit of 4*7/(21/102)?
3
Let o = 138 - -23. What is the tens digit of o?
6
Let q(r) = -6*r + 1. Let u be 5/2 + (-2)/4. Suppose -z = -k + 1, 0*k = u*k - z. What is the units digit of q(k)?
7
Let l = -13 + 3. Let o = -7 - l. What is the units digit of o?
3
What is the tens digit of (-10)/55 - (-717)/11?
6
Let a(s) = 2*s**2 - 10*s. What is the tens digit of a(7)?
2
Let j(v) = 3*v**2 + 3*v + 7. What is the tens digit of j(-4)?
4
Let x(s) = 6*s + 1. Let h(y) = -2*y. Suppose 2*w = -g + 7, g + 3 = 3*w - 0*g. Let i(a) = w*x(a) + 7*h(a). What is the units digit of i(-3)?
8
Let a be 6/(-4) - 4/8. What is the units digit of 104/16 - (-1)/a?
6
Let h(q) = 14*q - 69. What is the units digit of h(11)?
5
Let k be (48/(-56))/((-2)/42). Suppose 6 = 4*r - k. What is the units digit of r?
6
Suppose 0 = -5*l + 32 + 48. Suppose 3*t - 4*t = -l. What is the tens digit of t?
1
Let t = -10 + 18. Let i(d) = -d**3 + 9*d**2 - 5*d + 8. What is the tens digit of i(t)?
3
Let h = 5 - 0. Suppose 2*w - n + 0*n = 26, h*w - 59 = n. Let t = w + 3. What is the tens digit of t?
1
Let k(p) = -p**3 - 12*p**2 + 7*p - 13. What is the units digit of k(-13)?
5
Suppose -4*h + j = -160, -38 = -3*h + 2*j + 77. What is the units digit of h?
1
Let u(l) = 3*l**3 - 6*l**2 + 5*l + 2. What is the tens digit of u(3)?
4
Let y(c) = c + 11. Let r be y(-6). Let q(t) = 4 + 4*t - 2*t**2 + 7*t**2 + r*t - t**3 - 3*t. What is the units digit of q(6)?
4
Suppose -4*q - 209 = -997. What is the tens digit of q?
9
Let d = -2 - -18. What is the tens digit of d?
1
Let b = -3 - 33. Suppose 2*u + 3*y = u + 48, 0 = -u - 5*y + 46. Let o = u + b. What is the tens digit of o?
1
Suppose 5*o - 13 = -43. Let t(s) = s**3 + 7*s**2 + 5*s + 6. What is the units digit of t(o)?
2
Let r be (40/(-5))/(1/4). Let b be r/(-5) + 2/(-5). Suppose 4*q + 3*m = 0, 3*q + 3*m = b*q - 21. What is the units digit of q?
3
What is the tens digit of (-3 - -2)/(2/(-66))?
3
What is the units digit of (-1)/(-2)*(6 + 556)?
1
Let w(z) = -z - 6. Let x(g) = g**2 + 7*g - 2. Let a be x(-7). Let s be (a*5)/1 + 0. What is the units digit of w(s)?
4
Let n be 7/(-2)*30/(-5). Suppose 12 = 3*b - n. Suppose b = 3*z - 5*h - 1, -5*h = 5*z - 20. What is the units digit of z?
4
Suppose -6*r = -r + n - 1679, 5*n - 1360 = -4*r. What is the tens digit of r?
3
Suppose -3*h + 4*h = 34. What is the units digit of h?
4
Let s(z) = -z**2 - 6*z + 9. Let q be s(-7). Let t(m) = 4*m**2 - 3*m + 2. Let v be t(q). What is the units digit of ((-15)/v)/1*-4?
5
Suppose 3*y - 13 = -5*v, 0*y + 4*v = -5*y + 26. Let n be (-2)/((-1)/(y/3)). Suppose -n - 8 = -2*c. What is the units digit of c?
6
Let x = -9 - -17. What is the units digit of x?
8
Suppose -5*n = -3*n - 30. What is the tens digit of n?
1
Suppose -5*i = r - 31, 3*r - 25 - 68 = -5*i. What is the tens digit of r?
3
Let x(g) = 2*g + 3. Let b(n) = n**3 + 12*n**2 - n - 7. Let o be b(-12). What is the units digit of x(o)?
3
Let b(t) = t**2 - 9*t + 3. Suppose -2*m + m = 3*w - 1, -4*m = -w - 43. What is the units digit of b(m)?
3
Suppose -4 = -4*u + 8. Suppose 5*t - 12 - u = 0, 21 = 3*g - t. What is the units digit of g?
8
Suppose 6*n = 11*n - 130. What is the units digit of n?
6
Let x be 4/(-18) - (-2010)/54. Let t = -22 + x. What is the tens digit of t?
1
Suppose 3*f - 2*g = 16, 23 = 3*f + 5*g - 0*g. Let p = f + -1. Suppose -4*h + p*b + 73 = 0, h + 5*b = -14 + 1. What is the units digit of h?
2
Suppose f + 54 = 2*m + 13, 2*m + 4*f = 46. Let a be 8*(m/(-12) + 1). Let j = 3 - a. What is the units digit of j?
9
Suppose 0 = -4*y - 20, -r - 2*r + 108 = 3*y. Suppose -i - 45 = -3*i - 3*m, 0 = -2*i + m + r. What is the units digit of i?
1
Suppose 0 = 2*q - 0*q - 70. Suppose -c + 88 = 5*p + 2*c, -2*p = c - q. What is the units digit of p?
7
Suppose -5*s = -0 + 10. Let u = s + 2. Suppose u = g + g - 24. What is the units digit of g?
2
Suppose 3*x = -2*x - z + 100, 4*z = 20. What is the units digit of x?
9
Let j(b) = 22*b + 43. What is the hundreds digit of j(3)?
1
Let q = 2 - 1. What is the tens digit of -3*(q - 69/9)?
2
Suppose 3*n = 15, 5*l = 4*n - 6*n + 1845. What is the units digit of l?
7
Let d(v) be the third derivative of 1/6*v**4 + 0*v - 2*v**2 + 1/60*v**5 + 1/2*v**3 + 0. What is the units digit of d(-5)?
8
Suppose 3*c = -12, -5*z - 119 + 513 = -c. What is the units digit of z?
8
Let x(v) = v**3 - 6*v**2 + 5*v - 29. What is the tens digit of x(9)?
5
Let n = 1 - -3. Let m = n - -1. What is the units digit of m?
5
Suppose 0*v - 3*v = -5*f - 8, 2*v = -3*f - 1. Let a = f - -1. What is the units digit of 9 - (a + 0/1)?
9
What is the tens digit of (-236)/(-10) - 24/(-60)?
2
Let m(r) = 3*r**2 + 7*r - 1. Let s be m(-3). Suppose 0*l = -l - 5*u + 62, 3*l + s*u = 156. What is the tens digit of l?
4
Suppose 4*p - 2*k = 166, -4*p + 89 + 76 = -k. What is the tens digit of p?
4
Let p(b) = -4*b - 7. Suppose 0 = -5*q - 4*d, q - 11 = 4*d + 13. Let l(y) = -3*y - 7. Let j(w) = q*p(w) - 5*l(w). What is the units digit of j(5)?
2
What is the units digit of (3/(-6))/((-1)/94)?
7
Suppose -2*f = -m + 29, 4*m + 5*f - 138 = 2*f. What is the tens digit of m?
3
Let j = -61 - -166. What is the hundreds digit of j?
1
Let z(b) = 8*b - 7. Suppose 0*w = -w + 4. What is the tens digit of z(w)?
2
Let r be (-1 + 3 + -13)*1. What is the tens digit of 6*(r/(-3) + -2)?
1
Let p(i) = 2*i - 3 - 4*i - 2 + i**3 - i**2 - 2*i**2. What is the units digit of p(4)?
3
Suppose 4*b - i = 10, -b - 6*i + 9 = -3*i. What is the units digit of b?
3
Let g(n) = n**3 - 10*n**2 - 10*n - 2. What is the units digit of g(11)?
9
Let x(b) = 7*b - 12. What is the tens digit of x(8)?
4
Suppose -3*f = -7*f - 12. What is the units digit of ((-1)/f)/(5/15)?
1
Suppose -355 = -3*m + 5*p, 6*m - 395 = 3*m - 5*p. What is the hundreds digit of m?
1
Let u(j) = -j**2 - 15*j - 8. Let l be u(-11). What is the 